
Let j(t) = -2*t**2 + t. What is j(2)?
-6
Let s(l) = -l**3 - 2*l**2 + 7*l - 5. Determine s(2).
-7
Let b(v) = 6*v - 11. What is b(10)?
49
Let k(u) = 4*u**2 - 4*u - 7. Calculate k(-2).
17
Let b(o) = o**2 - 2*o - 24. What is b(-4)?
0
Let s(n) = -110*n - 1426. Determine s(-13).
4
Let x(d) = 7*d**2 - 2. Determine x(-2).
26
Let r(k) = -6*k - 4. Calculate r(-7).
38
Let g(d) = -2*d**2 + 28*d - 50. Calculate g(12).
-2
Let l(x) = -14*x - 1. What is l(-1)?
13
Let n(h) = -4*h + 19. Calculate n(-8).
51
Let b(q) = -q**3 + 3*q**2 + 11*q - 6. What is b(5)?
-1
Let j(l) = -88*l**3 - l**2 + 3*l - 1. Determine j(1).
-87
Let s(a) = a + 5. Give s(-9).
-4
Let c(y) = -y**3 - 15*y**2 - 12*y + 9. Calculate c(-14).
-19
Let y(o) = 2*o**2 - 28*o + 26. Determine y(13).
0
Let j(k) = -k**2 + 3*k - 21. Calculate j(4).
-25
Let w(o) = o**3 - 9*o - 6. Determine w(-3).
-6
Let q(l) = l**2 + 2. What is q(2)?
6
Let b(t) = 6*t + 3. Determine b(-6).
-33
Let t(c) = 9*c**2 + 41*c - 38. Determine t(-5).
-18
Let k(w) = w**2 - 6*w - 17. What is k(8)?
-1
Let i(f) = -f**3 + 13*f**2 + 36*f - 96. Calculate i(15).
-6
Let c(i) = i**3 - 9*i**2 + 7*i - 2. What is c(8)?
-10
Let h(i) = -i**3 + i**2 + 9*i - 11. Give h(2).
3
Let w(z) = z**2 - z - 7. Calculate w(-3).
5
Let w(j) = -j**3 - 17*j**2 - 16*j - 8. Determine w(-16).
-8
Let p(o) = -o**2 + 12*o - 10. Calculate p(10).
10
Let q(y) = -y**2 + 7*y + 4. Calculate q(7).
4
Let i(s) = 2*s**2 - 9*s - 228. Determine i(-9).
15
Let k(t) = -t**2 + 5*t + 10. Calculate k(-2).
-4
Let n(a) = 4*a - 24. Give n(7).
4
Let l(q) = -9*q + 11. What is l(1)?
2
Let l(u) = u**3 - 15*u**2 - 16*u + 7. Determine l(16).
7
Let v(r) = 3*r**2 + 86*r + 57. Give v(-28).
1
Let u(r) = 3*r**2 + r + 2. Determine u(-2).
12
Let u(i) = 15*i + 18. Give u(-2).
-12
Let k(q) = -q**3 + 7*q**2 + 41*q + 14. Determine k(11).
-19
Let d(u) = -u**3 + 6*u**2 + 9*u + 5. Give d(7).
19
Let l(n) = 3*n - 19. Determine l(-18).
-73
Let i(c) = c**3 - 3*c + 5. Give i(2).
7
Let q(r) = -r**3 + r**2 - 6*r + 19. Determine q(3).
-17
Let o(b) = 7*b + 3. What is o(2)?
17
Let q(p) = p**2 + 5*p - 10. Give q(-8).
14
Let h(v) = v**3 + 26*v**2 - 23*v + 114. Give h(-27).
6
Let l(t) = t**2 + 15*t + 50. Calculate l(-11).
6
Let c(g) = g**2 - 20*g + 93. Determine c(11).
-6
Let q(g) = -2*g**3 - g**2 + g. Calculate q(-2).
10
Let f(v) = 63*v**2 + 5*v - 5. Determine f(1).
63
Let i(o) = 4*o + 12. Calculate i(-10).
-28
Let l(q) = -q**2 + 7*q - 6. Calculate l(9).
-24
Let s(x) = 10*x**2. Calculate s(2).
40
Let p(t) = -t**2 + 85*t + 263. What is p(-3)?
-1
Let v(l) = -l**3 - 19*l**2 - 35*l - 14. Give v(-17).
3
Let l(n) = -21*n + 52. Determine l(7).
-95
Let a(d) = -5*d - 47. Calculate a(-4).
-27
Let t(l) = l**2 + 12*l + 26. What is t(-11)?
15
Let u(p) = p**3 + 5*p**2 + 5. Determine u(-6).
-31
Let m(j) = -j**2 - 5*j + 17. Calculate m(-8).
-7
Let x(w) = w**3 + 14*w**2 + 16*w + 28. What is x(-13)?
-11
Let m(z) = 6*z + 19. Calculate m(-8).
-29
Let u(x) = x**2 - 2*x - 5. Determine u(5).
10
Let g(n) = -58*n + 753. Calculate g(13).
-1
Let x(t) = 2*t + 35. Give x(24).
83
Let y(l) = 6*l - 16. Calculate y(4).
8
Let u(b) = b**2 - 7*b + 14. Give u(6).
8
Let c(l) = 3*l + 8. Calculate c(-2).
2
Let f(j) = -3*j**2 + 22*j - 11. Give f(8).
-27
Let w(r) = r**2 - r - 1. Determine w(-2).
5
Let b(k) = 16*k**3 + k**2 + 3*k - 3. Give b(1).
17
Let l(v) = 4*v + 12. Give l(-13).
-40
Let w(j) = -4*j**2 + 2*j - 1. Determine w(1).
-3
Let c(r) = 2*r**2 - 2*r - 11. Give c(3).
1
Let j(b) = b**3 - 16*b**2 - 13*b - 52. What is j(17)?
16
Let a(t) = -t**3 - 9*t**2 - 16*t - 15. Calculate a(-7).
-1
Let g(y) = 24*y + 161. What is g(-7)?
-7
Let g(b) = 41*b - 299. Calculate g(7).
-12
Let d(j) = -7*j - 1. Give d(4).
-29
Let h(v) = -v**2 - 6*v - 9. Calculate h(4).
-49
Let b(k) = 5*k + 23. What is b(-5)?
-2
Let q(z) = -z**3 - 37*z**2 + 79*z + 67. Give q(-39).
28
Let y(n) = -7*n + 10. Determine y(1).
3
Let h(p) = -9*p**3 + 17*p**2 + 19*p. Determine h(-1).
7
Let b(j) = j + 7. Calculate b(-9).
-2
Let q(l) = -8*l**2 - l. Give q(-1).
-7
Let a(n) = 3*n - 1. What is a(-2)?
-7
Let f(b) = 15*b**3 - 6*b + 3. Calculate f(2).
111
Let c(w) = 2*w**2 - 11*w - 2. Calculate c(5).
-7
Let v(a) = a**3 - 13*a**2 + 13*a + 16. Determine v(12).
28
Let j(a) = -19*a**2 - a - 1. Give j(-1).
-19
Let i(t) = -t**2 + 28*t - 44. What is i(26)?
8
Let c(y) = y**3 - y**2 - 2*y - 1. Determine c(-2).
-9
Let n(w) = 150*w**3 + 2*w**2 + 5*w + 4. Give n(-1).
-149
Let o(h) = h**2 + 45*h + 301. Determine o(-37).
5
Let q(w) = -w**2 + 17*w + 5. Give q(13).
57
Let n(h) = h**3 + 13*h**2 + h + 26. What is n(-13)?
13
Let o(s) = -2*s**3 + 91*s**2 - 47*s + 97. Give o(45).
7
Let u(y) = 8*y**2. What is u(2)?
32
Let y(l) = -159*l**3 - l**2 - l + 1. Determine y(1).
-160
Let o(m) = m**2 + 11*m - 15. What is o(-12)?
-3
Let l(y) = -30*y - 80. Give l(-3).
10
Let i(x) = -6*x - 8. Give i(-2).
4
Let g(y) = y**3 - 12*y**2 + 15*y - 16. What is g(11)?
28
Let w(g) = -4*g + 4. Give w(3).
-8
Let y(a) = -a**3 + 2*a**2 + a + 3. Give y(0).
3
Let y(o) = o**2 - 53*o - 290. Give y(-5).
0
Let j(x) = 7*x + 26. Give j(-5).
-9
Let s(m) = -m**3 - 11*m**2 - 19*m + 4. What is s(-9)?
13
Let r(z) = z**2 - 17*z - 80. Determine r(19).
-42
Let l(f) = -f + 7. Give l(-9).
16
Let k(u) = 3*u**3 - 3*u**2 + 2. Determine k(1).
2
Let v(p) = -p**2 - p + 25. Determine v(0).
25
Let t(c) = c**2 + 3*c - 1. Determine t(0).
-1
Let q(x) = -11*x**3 - x**2 + 3*x + 2. Calculate q(-2).
80
Let l(i) = -i - 1. Calculate l(-6).
5
Let t(d) = d**3 + d**2 + 2*d - 3. Determine t(3).
39
Let m(l) = -l**3 + 19*l**2 - 19*l + 9. What is m(18)?
-9
Let v(u) = u**2 + 23*u - 3. Determine v(0).
-3
Let p(z) = 4*z - 22. Determine p(-11).
-66
Let m(b) = -2*b + 6. Give m(-8).
22
Let l(u) = u**2 - 13*u - 2. Give l(10).
-32
Let z(m) = -88*m**2 + 4*m - 3. Determine z(1).
-87
Let f(x) = 7*x**3 + 4*x**2 + 3*x + 2. Give f(-1).
-4
Let m(t) = -t**3 + 26*t**2 - t + 13. What is m(26)?
-13
Let s(u) = -u + 5. Determine s(6).
-1
Let c(d) = d**3 - 9*d**2 - 12*d + 7. Calculate c(10).
-13
Let f(v) = v**3 - 6*v**2 + 5*v - 4. Give f(5).
-4
Let h(s) = -s**2 + 10*s - 12. Calculate h(9).
-3
Let h(d) = -d**2 + 32*d + 65. Determine h(34).
-3
Let o(b) = -b**2 - 7*b. Calculate o(-5).
10
Let f(y) = -56*y - 2122. What is f(-38)?
6
Let a(z) = 2*z**3 + 3*z**2 - 3*z - 3. Calculate a(-3).
-21
Let j(q) = -q**2 - 3*q + 19. What is j(0)?
19
Let g(r) = 2*r + 3. Give g(1).
5
Let x(m) = -m**2 - 5*m + 87. Calculate x(7).
3
Let h(u) = u**2 - 3. Calculate h(-6).
33
Let t(z) = z**3 - 14*z**2 + z + 1. Determine t(14).
15
Let k(w) = -6*w**2 - 5*w - 6. What is k(-2)?
-20
Let t(x) = x**3 - 9*x**2 + 8*x - 10. What is t(7)?
-52
Let n(l) = 5*l - 4. Calculate n(3).
11
Let i(x) = -x**2 + 3*x + 21. Determine i(9).
-33
Let j(k) = -13*k + 8. Determine j(6).
-70
Let x(m) = 2*m - 29. What is x(-7)?
-43
Let w(v) = -2*v**2 - 10*v - 8. Determine w(-6).
-20
Let a(p) = 2*p**3 + 7*p**2 - 9*p - 42. What is a(-5)?
-72
Let j(h) = 2*h**2 + 2*h - 1. Determine j(1).
3
Let l(c) = c**3 + 2*c**2 - 8*c + 5. Determine l(-4).
5
Let q(y) = y**3 + 7*y**2 + 4*y - 2. Give q(-5).
28
Let w(k) = 2*k**2 - 15*k - 4. Give w(5).
-29
Let r(l) = -l**3 + 9*l**2 - 16*l - 19. Give r(6).
-7
Let m(k) = -3*k**2 + 5. What is m(-3)?
-22
Let i(u) = 3*u - 16. What is i(6)?
2
Let d(n) = 9*n - 32. What is d(6)?
22
Let p(u) = -u**2 + 6*u + 31. Determine p(-6).
-41
Let g(b) = -2*b**3 - 3*b**2 + 5*b + 2. Give g(-3).
14
Let q(x) = -x**3 - 22*x**2 + 47*x - 11. What is q(-24)?
13
Let v(a) = -a**3 - 11*a**2 + 10*a - 19. Determine v(-12).
5
Let b(o) = -4*o - 5. Calculate b(-4).
11
Let i(o) = 27*o + 3. Calculate i(-1).
-24
Let m(y) = -y**3 + 6*y**2 + 8*y - 10. Calculate m(7).
-3
Let p(x) = -x + 22. Determine p(-7).
29
Let t(u) = -u**3 + 6*u**2 + 14*u + 8. Calculate t(8).
-8
Let k(z) = -z**3 + 29*z**2 - 29*z + 19. Determine k(28).
-9
Let r(s) = 2*s**2 - 20*s - 27. Determine r(12).
21
Let m(q) = 52*q + 256. Calculate m(-5).
-4
Let u(i) = -28*i**3 - i**2 + i + 1. Give u(-1).
27
Let z(w) = w**2 - 3. Determine z(0).
-3
Let f(m) = 6*m + 19. Determine f(10).
79
Let b(x) = -x**2 - 13*x - 35. What is b(-10)?
-5
Let p(r) = -2*r. What is p(-12)?
24
Let g(i) = -i**3 + 11*i**2 + 26*i + 5. Determine g(13).
5
Let f(c) = c**3 + 26*c**2 - 24*c + 86. Give f(-27).
5
Let g(v) = v**2 - 4*v + 1. Calculate g(3).
-2
Let i(z) = 26*